{"id":47,"date":"2019-01-08T12:51:36","date_gmt":"2019-01-08T11:51:36","guid":{"rendered":"http:\/\/divpre.eu\/pre\/?page_id=47"},"modified":"2019-02-21T14:32:16","modified_gmt":"2019-02-21T13:32:16","slug":"partner","status":"publish","type":"page","link":"https:\/\/divpre.eu\/pre\/partner\/","title":{"rendered":"Partner"},"content":{"rendered":"<div class=\"grid-x grid-padding-x small-up-1 medium-up-2 large-up-2\">\r\n  <div class=\"cell\"><h3 class=\"header-ger\">Germany<\/h3>\r\n<div class=\"box-white\">\r\n\r\n<p><strong>Georg-Kerschensteiner-Berufskolleg<\/strong><br \/>\r\nKerchensteiner Str.4 <br \/>\r\n53844 Troisdorf<br \/>\r\nNordrhein-Westfalen<br \/>\r\nDeutschland\r\n<\/p>\r\n<p>www.berufskolleg-troisdorf.de <\/p>\r\n<\/div>\r\n<\/div>\r\n  <div class=\"cell\"><h3 class=\"header-blg\">Bulgaria<\/h3>\r\n<div class=\"box-white\">\r\n\r\n<p><strong>Parva Ezikova Gimnazia<\/strong><br \/>\r\n\r\nPodvis str. 29 <br \/>\r\nBG331-Varna<br \/>\r\n Bulgarien<\/p>\r\n\r\n<p>www.1eg.eu<\/p>\r\n<\/div><\/div>\r\n<div class=\"cell\"><h3 class=\"header-tur\">Turkey<\/h3>\r\n<div class=\"box-white\">\r\n\r\n<p><strong>G\u00f6r\u00fckle K\u0131z Teknik Ve Meslek Lisesi<\/strong><br \/>\r\n\r\nDumlup\u0131nar Mah. \u015eirin Sok. No:10<br \/>\r\n TR411-Bursa<br \/>\r\n T\u00dcRK\u0130YE<\/p>\r\n\r\n<p>www.nilufergoruklektml.meb.k12.tr <\/p>\r\n<\/div>\r\n<\/div>\r\n<\/div>\r\n\r\n<h3>Links<\/h3>\r\n<div class=\"box-white\">\r\n<p><strong>Links to the schools:<\/strong><\/p>\r\n<ul class=\"list-links\">\r\n\t<li><a href=\"http:\/\/www.berufskolleg-troisdorf.de\/\" target=\"_blank\">http:\/\/www.berufskolleg-troisdorf.de\/<\/a><\/li>\r\n\r\n\t<li><a href=\"http:\/\/nilufergoruklektml.meb.k12.tr\/\" target=\"_blank\">http:\/\/nilufergoruklektml.meb.k12.tr\/<\/a><\/li>\r\n\r\n\t<li><a href=\"http:\/\/www.1eg.eu\/\" target=\"_blank\">http:\/\/www.1eg.eu\/<\/a><\/li>\r\n\r\n\r\n<\/ul>\r\n<\/div>\r\n<div class=\"box-white\">\r\n<p><strong>Links to social networks:<\/strong><\/p>\r\n<ul class=\"list-links\">\r\n\r\n\t<li><a href=\"https:\/\/www.etwinning.net\/de\/pub\/index.htm\" target=\"_blank\"><\/a>https:\/\/www.etwinning.net<\/li>\r\n\r\n\t<li><a href=\"https:\/\/www.facebook.com\/people\/Prejudice-Conscience\/100014255644721\" target=\"_blank\">https:\/\/www.facebook.com\/people\/Prejudice-Conscience<\/a><\/li>\r\n\r\n<\/ul>\r\n<\/div>\r\n<div class=\"box-white\">\r\n<p><strong>links to organisations and partners during the project:<\/strong><\/p>\r\n<ul class=\"list-links\">\r\n\r\n\t<li><a href=\"https:\/\/www.kmk-pad.org\/veranstaltungen\/dokumentation\/fachtagung-demokratiebildung-durch-internationalen-schulaustausch.html\" target=\"_blank\">https:\/\/www.kmk-pad.org<\/a><\/li>\r\n\r\n\r\n<\/ul>\r\n<\/div>\r\n","protected":false},"excerpt":{"rendered":"<p>Germany Georg-Kerschensteiner-Berufskolleg Kerchensteiner Str.4 53844 Troisdorf Nordrhein-Westfalen Deutschland www.berufskolleg-troisdorf.de Bulgaria Parva Ezikova Gimnazia Podvis str. 29 BG331-Varna Bulgarien www.1eg.eu Turkey<a class=\"excerpt-read-more\" href=\"https:\/\/divpre.eu\/pre\/partner\/\" title=\"ReadPartner\">Mehr &raquo;<\/a><\/p>\n","protected":false},"author":1,"featured_media":0,"parent":0,"menu_order":0,"comment_status":"closed","ping_status":"closed","template":"template-full-width.php","meta":[],"acf":[],"_links":{"self":[{"href":"https:\/\/divpre.eu\/pre\/wp-json\/wp\/v2\/pages\/47"}],"collection":[{"href":"https:\/\/divpre.eu\/pre\/wp-json\/wp\/v2\/pages"}],"about":[{"href":"https:\/\/divpre.eu\/pre\/wp-json\/wp\/v2\/types\/page"}],"author":[{"embeddable":true,"href":"https:\/\/divpre.eu\/pre\/wp-json\/wp\/v2\/users\/1"}],"replies":[{"embeddable":true,"href":"https:\/\/divpre.eu\/pre\/wp-json\/wp\/v2\/comments?post=47"}],"version-history":[{"count":5,"href":"https:\/\/divpre.eu\/pre\/wp-json\/wp\/v2\/pages\/47\/revisions"}],"predecessor-version":[{"id":64,"href":"https:\/\/divpre.eu\/pre\/wp-json\/wp\/v2\/pages\/47\/revisions\/64"}],"wp:attachment":[{"href":"https:\/\/divpre.eu\/pre\/wp-json\/wp\/v2\/media?parent=47"}],"curies":[{"name":"wp","href":"https:\/\/api.w.org\/{rel}","templated":true}]}}